{"id":6230,"date":"2020-09-10T16:33:53","date_gmt":"2020-09-10T14:33:53","guid":{"rendered":"http:\/\/krajn.sk\/test\/?post_type=product&#038;p=6230"},"modified":"2022-04-07T14:03:31","modified_gmt":"2022-04-07T12:03:31","slug":"kamen-lamany","status":"publish","type":"product","link":"https:\/\/krajn.sk\/expo\/sortiment\/obklady\/kamen-lamany\/","title":{"rendered":"Kame\u0148 L\u00e1man\u00fd"},"content":{"rendered":"<p>K tomuto kame\u0148u sa vyr\u00e1baj\u00fa krajov\u00e9 kusy, ktor\u00e9 s\u00fa ur\u010den\u00e9 na dosiahnutie kraj\u0161ieho a\u2002prirodzenej\u0161ieho vzh\u013eadu v\u0161etk\u00fdch rohov\u00fdch \u010dast\u00ed obkladov\u00fdch pl\u00f4ch.<\/p>\n<p>Jednoduch\u00e1 mont\u00e1\u017e. Ulo\u017eenie bez \u0161p\u00e1r.<\/p>\n","protected":false},"excerpt":{"rendered":"<p>Kame\u0148 l\u00e1man\u00fd svoj\u00edm vzh\u013eadom nepravideln\u00fdch obd\u013a\u017enikov\u00fdch p\u00e1sikov zv\u00fdrazn\u00ed dominantn\u00e9 plochy i men\u0161ie steny.<\/p>\n","protected":false},"featured_media":7260,"template":"","meta":{"inline_featured_image":false,"site-sidebar-layout":"default","site-content-layout":"","ast-site-content-layout":"","site-content-style":"default","site-sidebar-style":"default","ast-global-header-display":"","ast-banner-title-visibility":"","ast-main-header-display":"","ast-hfb-above-header-display":"","ast-hfb-below-header-display":"","ast-hfb-mobile-header-display":"","site-post-title":"","ast-breadcrumbs-content":"","ast-featured-img":"","footer-sml-layout":"","theme-transparent-header-meta":"","adv-header-id-meta":"","stick-header-meta":"","header-above-stick-meta":"","header-main-stick-meta":"","header-below-stick-meta":"","astra-migrate-meta-layouts":"default","ast-page-background-enabled":"default","ast-page-background-meta":{"desktop":{"background-color":"var(--ast-global-color-4)","background-image":"","background-repeat":"repeat","background-position":"center center","background-size":"auto","background-attachment":"scroll","background-type":"","background-media":"","overlay-type":"","overlay-color":"","overlay-opacity":"","overlay-gradient":""},"tablet":{"background-color":"","background-image":"","background-repeat":"repeat","background-position":"center center","background-size":"auto","background-attachment":"scroll","background-type":"","background-media":"","overlay-type":"","overlay-color":"","overlay-opacity":"","overlay-gradient":""},"mobile":{"background-color":"","background-image":"","background-repeat":"repeat","background-position":"center center","background-size":"auto","background-attachment":"scroll","background-type":"","background-media":"","overlay-type":"","overlay-color":"","overlay-opacity":"","overlay-gradient":""}},"ast-content-background-meta":{"desktop":{"background-color":"var(--ast-global-color-5)","background-image":"","background-repeat":"repeat","background-position":"center center","background-size":"auto","background-attachment":"scroll","background-type":"","background-media":"","overlay-type":"","overlay-color":"","overlay-opacity":"","overlay-gradient":""},"tablet":{"background-color":"var(--ast-global-color-5)","background-image":"","background-repeat":"repeat","background-position":"center center","background-size":"auto","background-attachment":"scroll","background-type":"","background-media":"","overlay-type":"","overlay-color":"","overlay-opacity":"","overlay-gradient":""},"mobile":{"background-color":"var(--ast-global-color-5)","background-image":"","background-repeat":"repeat","background-position":"center center","background-size":"auto","background-attachment":"scroll","background-type":"","background-media":"","overlay-type":"","overlay-color":"","overlay-opacity":"","overlay-gradient":""}},"ngg_post_thumbnail":0},"product_brand":[],"product_cat":[206],"product_tag":[349],"class_list":{"0":"post-6230","1":"product","2":"type-product","3":"status-publish","4":"has-post-thumbnail","6":"product_cat-obklady","7":"product_tag-vaspo","8":"pa_dodavatelia-vaspo","9":"desktop-align-left","10":"tablet-align-left","11":"mobile-align-left","13":"first","14":"instock","15":"taxable","16":"shipping-taxable","17":"purchasable","18":"product-type-variable"},"yoast_head":"<!-- This site is optimized with the Yoast SEO plugin v24.8.1 - https:\/\/yoast.com\/wordpress\/plugins\/seo\/ -->\n<title>Kame\u0148 L\u00e1man\u00fd | Krajn Exp<\/title>\n<meta name=\"robots\" content=\"index, follow, max-snippet:-1, max-image-preview:large, max-video-preview:-1\" \/>\n<link rel=\"canonical\" href=\"https:\/\/krajn.sk\/expo\/sortiment\/obklady\/kamen-lamany\/\" \/>\n<meta property=\"og:locale\" content=\"sk_SK\" \/>\n<meta property=\"og:type\" content=\"article\" \/>\n<meta property=\"og:title\" content=\"Kame\u0148 L\u00e1man\u00fd | Krajn Exp\" \/>\n<meta property=\"og:description\" content=\"Kame\u0148 l\u00e1man\u00fd svoj\u00edm vzh\u013eadom nepravideln\u00fdch obd\u013a\u017enikov\u00fdch p\u00e1sikov zv\u00fdrazn\u00ed dominantn\u00e9 plochy i men\u0161ie steny.\" \/>\n<meta property=\"og:url\" content=\"https:\/\/krajn.sk\/expo\/sortiment\/obklady\/kamen-lamany\/\" \/>\n<meta property=\"og:site_name\" content=\"Krajn Exp\" \/>\n<meta property=\"article:modified_time\" content=\"2022-04-07T12:03:31+00:00\" \/>\n<meta property=\"og:image\" content=\"https:\/\/krajn.sk\/expo\/wp-content\/uploads\/2021\/01\/kamen-lamany-foto2.jpg\" \/>\n\t<meta property=\"og:image:width\" content=\"900\" \/>\n\t<meta property=\"og:image:height\" content=\"596\" \/>\n\t<meta property=\"og:image:type\" content=\"image\/jpeg\" \/>\n<meta name=\"twitter:card\" content=\"summary_large_image\" \/>\n<script type=\"application\/ld+json\" class=\"yoast-schema-graph\">{\"@context\":\"https:\/\/schema.org\",\"@graph\":[{\"@type\":\"WebPage\",\"@id\":\"https:\/\/krajn.sk\/expo\/sortiment\/obklady\/kamen-lamany\/\",\"url\":\"https:\/\/krajn.sk\/expo\/sortiment\/obklady\/kamen-lamany\/\",\"name\":\"Kame\u0148 L\u00e1man\u00fd | Krajn Exp\",\"isPartOf\":{\"@id\":\"https:\/\/krajn.sk\/expo\/#website\"},\"primaryImageOfPage\":{\"@id\":\"https:\/\/krajn.sk\/expo\/sortiment\/obklady\/kamen-lamany\/#primaryimage\"},\"image\":{\"@id\":\"https:\/\/krajn.sk\/expo\/sortiment\/obklady\/kamen-lamany\/#primaryimage\"},\"thumbnailUrl\":\"https:\/\/krajn.sk\/expo\/wp-content\/uploads\/2021\/01\/kamen-lamany-foto2.jpg\",\"datePublished\":\"2020-09-10T14:33:53+00:00\",\"dateModified\":\"2022-04-07T12:03:31+00:00\",\"breadcrumb\":{\"@id\":\"https:\/\/krajn.sk\/expo\/sortiment\/obklady\/kamen-lamany\/#breadcrumb\"},\"inLanguage\":\"sk-SK\",\"potentialAction\":[{\"@type\":\"ReadAction\",\"target\":[\"https:\/\/krajn.sk\/expo\/sortiment\/obklady\/kamen-lamany\/\"]}]},{\"@type\":\"ImageObject\",\"inLanguage\":\"sk-SK\",\"@id\":\"https:\/\/krajn.sk\/expo\/sortiment\/obklady\/kamen-lamany\/#primaryimage\",\"url\":\"https:\/\/krajn.sk\/expo\/wp-content\/uploads\/2021\/01\/kamen-lamany-foto2.jpg\",\"contentUrl\":\"https:\/\/krajn.sk\/expo\/wp-content\/uploads\/2021\/01\/kamen-lamany-foto2.jpg\",\"width\":900,\"height\":596},{\"@type\":\"BreadcrumbList\",\"@id\":\"https:\/\/krajn.sk\/expo\/sortiment\/obklady\/kamen-lamany\/#breadcrumb\",\"itemListElement\":[{\"@type\":\"ListItem\",\"position\":1,\"name\":\"Home\",\"item\":\"https:\/\/krajn.sk\/expo\/\"},{\"@type\":\"ListItem\",\"position\":2,\"name\":\"Produkty\",\"item\":\"https:\/\/krajn.sk\/expo\/sortiment\/\"},{\"@type\":\"ListItem\",\"position\":3,\"name\":\"Kame\u0148 L\u00e1man\u00fd\"}]},{\"@type\":\"WebSite\",\"@id\":\"https:\/\/krajn.sk\/expo\/#website\",\"url\":\"https:\/\/krajn.sk\/expo\/\",\"name\":\"Krajn Exp\",\"description\":\"Va\u0161e stavebniny na kraji Stupavy!\",\"publisher\":{\"@id\":\"https:\/\/krajn.sk\/expo\/#organization\"},\"potentialAction\":[{\"@type\":\"SearchAction\",\"target\":{\"@type\":\"EntryPoint\",\"urlTemplate\":\"https:\/\/krajn.sk\/expo\/?s={search_term_string}\"},\"query-input\":{\"@type\":\"PropertyValueSpecification\",\"valueRequired\":true,\"valueName\":\"search_term_string\"}}],\"inLanguage\":\"sk-SK\"},{\"@type\":\"Organization\",\"@id\":\"https:\/\/krajn.sk\/expo\/#organization\",\"name\":\"Krajn Expo\",\"url\":\"https:\/\/krajn.sk\/expo\/\",\"logo\":{\"@type\":\"ImageObject\",\"inLanguage\":\"sk-SK\",\"@id\":\"https:\/\/krajn.sk\/expo\/#\/schema\/logo\/image\/\",\"url\":\"https:\/\/krajn.sk\/expo\/wp-content\/uploads\/2020\/03\/logo_expo_transparent.png\",\"contentUrl\":\"https:\/\/krajn.sk\/expo\/wp-content\/uploads\/2020\/03\/logo_expo_transparent.png\",\"width\":91,\"height\":105,\"caption\":\"Krajn Expo\"},\"image\":{\"@id\":\"https:\/\/krajn.sk\/expo\/#\/schema\/logo\/image\/\"}}]}<\/script>\n<!-- \/ Yoast SEO plugin. -->","yoast_head_json":{"title":"Kame\u0148 L\u00e1man\u00fd | Krajn Exp","robots":{"index":"index","follow":"follow","max-snippet":"max-snippet:-1","max-image-preview":"max-image-preview:large","max-video-preview":"max-video-preview:-1"},"canonical":"https:\/\/krajn.sk\/expo\/sortiment\/obklady\/kamen-lamany\/","og_locale":"sk_SK","og_type":"article","og_title":"Kame\u0148 L\u00e1man\u00fd | Krajn Exp","og_description":"Kame\u0148 l\u00e1man\u00fd svoj\u00edm vzh\u013eadom nepravideln\u00fdch obd\u013a\u017enikov\u00fdch p\u00e1sikov zv\u00fdrazn\u00ed dominantn\u00e9 plochy i men\u0161ie steny.","og_url":"https:\/\/krajn.sk\/expo\/sortiment\/obklady\/kamen-lamany\/","og_site_name":"Krajn Exp","article_modified_time":"2022-04-07T12:03:31+00:00","og_image":[{"width":900,"height":596,"url":"https:\/\/krajn.sk\/expo\/wp-content\/uploads\/2021\/01\/kamen-lamany-foto2.jpg","type":"image\/jpeg"}],"twitter_card":"summary_large_image","schema":{"@context":"https:\/\/schema.org","@graph":[{"@type":"WebPage","@id":"https:\/\/krajn.sk\/expo\/sortiment\/obklady\/kamen-lamany\/","url":"https:\/\/krajn.sk\/expo\/sortiment\/obklady\/kamen-lamany\/","name":"Kame\u0148 L\u00e1man\u00fd | Krajn Exp","isPartOf":{"@id":"https:\/\/krajn.sk\/expo\/#website"},"primaryImageOfPage":{"@id":"https:\/\/krajn.sk\/expo\/sortiment\/obklady\/kamen-lamany\/#primaryimage"},"image":{"@id":"https:\/\/krajn.sk\/expo\/sortiment\/obklady\/kamen-lamany\/#primaryimage"},"thumbnailUrl":"https:\/\/krajn.sk\/expo\/wp-content\/uploads\/2021\/01\/kamen-lamany-foto2.jpg","datePublished":"2020-09-10T14:33:53+00:00","dateModified":"2022-04-07T12:03:31+00:00","breadcrumb":{"@id":"https:\/\/krajn.sk\/expo\/sortiment\/obklady\/kamen-lamany\/#breadcrumb"},"inLanguage":"sk-SK","potentialAction":[{"@type":"ReadAction","target":["https:\/\/krajn.sk\/expo\/sortiment\/obklady\/kamen-lamany\/"]}]},{"@type":"ImageObject","inLanguage":"sk-SK","@id":"https:\/\/krajn.sk\/expo\/sortiment\/obklady\/kamen-lamany\/#primaryimage","url":"https:\/\/krajn.sk\/expo\/wp-content\/uploads\/2021\/01\/kamen-lamany-foto2.jpg","contentUrl":"https:\/\/krajn.sk\/expo\/wp-content\/uploads\/2021\/01\/kamen-lamany-foto2.jpg","width":900,"height":596},{"@type":"BreadcrumbList","@id":"https:\/\/krajn.sk\/expo\/sortiment\/obklady\/kamen-lamany\/#breadcrumb","itemListElement":[{"@type":"ListItem","position":1,"name":"Home","item":"https:\/\/krajn.sk\/expo\/"},{"@type":"ListItem","position":2,"name":"Produkty","item":"https:\/\/krajn.sk\/expo\/sortiment\/"},{"@type":"ListItem","position":3,"name":"Kame\u0148 L\u00e1man\u00fd"}]},{"@type":"WebSite","@id":"https:\/\/krajn.sk\/expo\/#website","url":"https:\/\/krajn.sk\/expo\/","name":"Krajn Exp","description":"Va\u0161e stavebniny na kraji Stupavy!","publisher":{"@id":"https:\/\/krajn.sk\/expo\/#organization"},"potentialAction":[{"@type":"SearchAction","target":{"@type":"EntryPoint","urlTemplate":"https:\/\/krajn.sk\/expo\/?s={search_term_string}"},"query-input":{"@type":"PropertyValueSpecification","valueRequired":true,"valueName":"search_term_string"}}],"inLanguage":"sk-SK"},{"@type":"Organization","@id":"https:\/\/krajn.sk\/expo\/#organization","name":"Krajn Expo","url":"https:\/\/krajn.sk\/expo\/","logo":{"@type":"ImageObject","inLanguage":"sk-SK","@id":"https:\/\/krajn.sk\/expo\/#\/schema\/logo\/image\/","url":"https:\/\/krajn.sk\/expo\/wp-content\/uploads\/2020\/03\/logo_expo_transparent.png","contentUrl":"https:\/\/krajn.sk\/expo\/wp-content\/uploads\/2020\/03\/logo_expo_transparent.png","width":91,"height":105,"caption":"Krajn Expo"},"image":{"@id":"https:\/\/krajn.sk\/expo\/#\/schema\/logo\/image\/"}}]}},"_links":{"self":[{"href":"https:\/\/krajn.sk\/expo\/wp-json\/wp\/v2\/product\/6230"}],"collection":[{"href":"https:\/\/krajn.sk\/expo\/wp-json\/wp\/v2\/product"}],"about":[{"href":"https:\/\/krajn.sk\/expo\/wp-json\/wp\/v2\/types\/product"}],"version-history":[{"count":1,"href":"https:\/\/krajn.sk\/expo\/wp-json\/wp\/v2\/product\/6230\/revisions"}],"predecessor-version":[{"id":7266,"href":"https:\/\/krajn.sk\/expo\/wp-json\/wp\/v2\/product\/6230\/revisions\/7266"}],"wp:featuredmedia":[{"embeddable":true,"href":"https:\/\/krajn.sk\/expo\/wp-json\/wp\/v2\/media\/7260"}],"wp:attachment":[{"href":"https:\/\/krajn.sk\/expo\/wp-json\/wp\/v2\/media?parent=6230"}],"wp:term":[{"taxonomy":"product_brand","embeddable":true,"href":"https:\/\/krajn.sk\/expo\/wp-json\/wp\/v2\/product_brand?post=6230"},{"taxonomy":"product_cat","embeddable":true,"href":"https:\/\/krajn.sk\/expo\/wp-json\/wp\/v2\/product_cat?post=6230"},{"taxonomy":"product_tag","embeddable":true,"href":"https:\/\/krajn.sk\/expo\/wp-json\/wp\/v2\/product_tag?post=6230"}],"curies":[{"name":"wp","href":"https:\/\/api.w.org\/{rel}","templated":true}]}}

Kameň Lámaný

<p>K tomuto kameňu sa vyrábajú krajové kusy, ktoré sú určené na dosiahnutie krajšieho a prirodzenejšieho vzhľadu všetkých rohových častí obkladových plôch.</p>
<p>Jednoduchá montáž. Uloženie bez špár.</p>

<p>Kameň lámaný svojím vzhľadom nepravidelných obdĺžnikových pásikov zvýrazní dominantné plochy i menšie steny.</p>

<!-- This site is optimized with the Yoast SEO plugin v24.8.1 - https://yoast.com/wordpress/plugins/seo/ -->
<title>Kameň Lámaný | Krajn Exp</title>
<meta name="robots" content="index, follow, max-snippet:-1, max-image-preview:large, max-video-preview:-1" />
<link rel="canonical" href="https://krajn.sk/expo/sortiment/obklady/kamen-lamany/" />
<meta property="og:locale" content="sk_SK" />
<meta property="og:type" content="article" />
<meta property="og:title" content="Kameň Lámaný | Krajn Exp" />
<meta property="og:description" content="Kameň lámaný svojím vzhľadom nepravidelných obdĺžnikových pásikov zvýrazní dominantné plochy i menšie steny." />
<meta property="og:url" content="https://krajn.sk/expo/sortiment/obklady/kamen-lamany/" />
<meta property="og:site_name" content="Krajn Exp" />
<meta property="article:modified_time" content="2022-04-07T12:03:31+00:00" />
<meta property="og:image" content="https://krajn.sk/expo/wp-content/uploads/2021/01/kamen-lamany-foto2.jpg" />
	<meta property="og:image:width" content="900" />
	<meta property="og:image:height" content="596" />
	<meta property="og:image:type" content="image/jpeg" />
<meta name="twitter:card" content="summary_large_image" />
<script type="application/ld+json" class="yoast-schema-graph">{"@context":"https://schema.org","@graph":[{"@type":"WebPage","@id":"https://krajn.sk/expo/sortiment/obklady/kamen-lamany/","url":"https://krajn.sk/expo/sortiment/obklady/kamen-lamany/","name":"Kameň Lámaný | Krajn Exp","isPartOf":{"@id":"https://krajn.sk/expo/#website"},"primaryImageOfPage":{"@id":"https://krajn.sk/expo/sortiment/obklady/kamen-lamany/#primaryimage"},"image":{"@id":"https://krajn.sk/expo/sortiment/obklady/kamen-lamany/#primaryimage"},"thumbnailUrl":"https://krajn.sk/expo/wp-content/uploads/2021/01/kamen-lamany-foto2.jpg","datePublished":"2020-09-10T14:33:53+00:00","dateModified":"2022-04-07T12:03:31+00:00","breadcrumb":{"@id":"https://krajn.sk/expo/sortiment/obklady/kamen-lamany/#breadcrumb"},"inLanguage":"sk-SK","potentialAction":[{"@type":"ReadAction","target":["https://krajn.sk/expo/sortiment/obklady/kamen-lamany/"]}]},{"@type":"ImageObject","inLanguage":"sk-SK","@id":"https://krajn.sk/expo/sortiment/obklady/kamen-lamany/#primaryimage","url":"https://krajn.sk/expo/wp-content/uploads/2021/01/kamen-lamany-foto2.jpg","contentUrl":"https://krajn.sk/expo/wp-content/uploads/2021/01/kamen-lamany-foto2.jpg","width":900,"height":596},{"@type":"BreadcrumbList","@id":"https://krajn.sk/expo/sortiment/obklady/kamen-lamany/#breadcrumb","itemListElement":[{"@type":"ListItem","position":1,"name":"Home","item":"https://krajn.sk/expo/"},{"@type":"ListItem","position":2,"name":"Produkty","item":"https://krajn.sk/expo/sortiment/"},{"@type":"ListItem","position":3,"name":"Kameň Lámaný"}]},{"@type":"WebSite","@id":"https://krajn.sk/expo/#website","url":"https://krajn.sk/expo/","name":"Krajn Exp","description":"Vaše stavebniny na kraji Stupavy!","publisher":{"@id":"https://krajn.sk/expo/#organization"},"potentialAction":[{"@type":"SearchAction","target":{"@type":"EntryPoint","urlTemplate":"https://krajn.sk/expo/?s={search_term_string}"},"query-input":{"@type":"PropertyValueSpecification","valueRequired":true,"valueName":"search_term_string"}}],"inLanguage":"sk-SK"},{"@type":"Organization","@id":"https://krajn.sk/expo/#organization","name":"Krajn Expo","url":"https://krajn.sk/expo/","logo":{"@type":"ImageObject","inLanguage":"sk-SK","@id":"https://krajn.sk/expo/#/schema/logo/image/","url":"https://krajn.sk/expo/wp-content/uploads/2020/03/logo_expo_transparent.png","contentUrl":"https://krajn.sk/expo/wp-content/uploads/2020/03/logo_expo_transparent.png","width":91,"height":105,"caption":"Krajn Expo"},"image":{"@id":"https://krajn.sk/expo/#/schema/logo/image/"}}]}</script>
<!-- / Yoast SEO plugin. -->

Kameň Lámaný | Krajn Exp

Kameň lámaný svojím vzhľadom nepravidelných obdĺžnikových pásikov zvýrazní dominantné plochy i menšie steny.

Vaše stavebniny na kraji Stupavy!
