{"id":6233,"date":"2020-09-10T16:38:52","date_gmt":"2020-09-10T14:38:52","guid":{"rendered":"http:\/\/krajn.sk\/test\/?post_type=product&#038;p=6233"},"modified":"2022-04-07T14:03:36","modified_gmt":"2022-04-07T12:03:36","slug":"travertin-rimsky","status":"publish","type":"product","link":"https:\/\/krajn.sk\/expo\/sortiment\/obklady\/travertin-rimsky\/","title":{"rendered":"Travert\u00edn R\u00edmsky"},"content":{"rendered":"<p>Travert\u00edn R\u00edmsky je od\u013eah\u010den\u00fd expandovan\u00fdm pr\u00edrodn\u00fdm \u00edlom, ktor\u00fd z\u00e1rove\u0148 zlep\u0161uje tepelno-izola\u010dn\u00e9 vlastnosti. M\u00e1 neobmedzen\u00fa \u017eivotnos\u0165 a farebnos\u0165.<\/p>\n<p>M\u00e1 dokonale matn\u00fd povrch pr\u00edjemn\u00fd na dotyk, ktor\u00fd nie je mo\u017en\u00e9 dosiahnu\u0165 pri mnoh\u00fdch in\u00fdch pr\u00edrodn\u00fdch kame\u0148och. T\u00e1to matn\u00e1 a hladk\u00e1 povrchov\u00e1 \u00faprava v interi\u00e9ri vytv\u00e1ra pokojn\u00fa atmosf\u00e9ru a dovo\u013euje v\u00e1m odpo\u010din\u00fa\u0165 si hne\u010f, ako vst\u00fapite do miestnosti. Prid\u00e1 jej i kus luxusu. V exteri\u00e9ri V\u00e1s jemn\u00fd vzh\u013ead nelimituje vo ve\u013ekosti oblo\u017eenej plochy. Ulo\u017eenie bez \u0161p\u00e1r.&nbsp;<\/p>\n<h4>V\u00fdhody bet\u00f3nov\u00e9ho travert\u00ednu<\/h4>\n<ul>\n<li>v\u00fdrobn\u00e1 technol\u00f3gia spolo\u010dnosti VASPO STONE s.r.o. je tak\u00e1 dokonal\u00e1, \u017ee povrch Travert\u00ednu je nerozoznate\u013en\u00fd od origin\u00e1lu<\/li>\n<li>po impregn\u00e1cii dokonale odpudzuje a nevsakuje vodu a in\u00e9 tekutiny ktor\u00e9 sp\u00f4sobuj\u00fa na pr\u00edrodn\u00fdch obkladoch neodstr\u00e1nite\u013en\u00e9 f\u013eaky<\/li>\n<li>nahr\u00e1dza vz\u00e1cnu pr\u00edrodn\u00fa horninu<\/li>\n<li>jednoduch\u00e1 mont\u00e1\u017e<\/li>\n<\/ul>\n","protected":false},"excerpt":{"rendered":"<p>Travert\u00edn R\u00edmsky b\u00e9\u017eov\u00fd je dokonalou imit\u00e1ciou pr\u00edrodn\u00e9ho travert\u00ednu s vlastnos\u0165ami celofarben\u00e9ho, mrazuvzdorn\u00e9ho bet\u00f3nu pevnostnej triedy C25\/30. Preto je rovnako vhodn\u00fd na pou\u017eitie v exteri\u00e9ri aj interi\u00e9ri.<\/p>\n","protected":false},"featured_media":7280,"template":"","meta":{"inline_featured_image":false,"site-sidebar-layout":"default","site-content-layout":"","ast-site-content-layout":"","site-content-style":"default","site-sidebar-style":"default","ast-global-header-display":"","ast-banner-title-visibility":"","ast-main-header-display":"","ast-hfb-above-header-display":"","ast-hfb-below-header-display":"","ast-hfb-mobile-header-display":"","site-post-title":"","ast-breadcrumbs-content":"","ast-featured-img":"","footer-sml-layout":"","theme-transparent-header-meta":"","adv-header-id-meta":"","stick-header-meta":"","header-above-stick-meta":"","header-main-stick-meta":"","header-below-stick-meta":"","astra-migrate-meta-layouts":"default","ast-page-background-enabled":"default","ast-page-background-meta":{"desktop":{"background-color":"var(--ast-global-color-4)","background-image":"","background-repeat":"repeat","background-position":"center center","background-size":"auto","background-attachment":"scroll","background-type":"","background-media":"","overlay-type":"","overlay-color":"","overlay-opacity":"","overlay-gradient":""},"tablet":{"background-color":"","background-image":"","background-repeat":"repeat","background-position":"center center","background-size":"auto","background-attachment":"scroll","background-type":"","background-media":"","overlay-type":"","overlay-color":"","overlay-opacity":"","overlay-gradient":""},"mobile":{"background-color":"","background-image":"","background-repeat":"repeat","background-position":"center center","background-size":"auto","background-attachment":"scroll","background-type":"","background-media":"","overlay-type":"","overlay-color":"","overlay-opacity":"","overlay-gradient":""}},"ast-content-background-meta":{"desktop":{"background-color":"var(--ast-global-color-5)","background-image":"","background-repeat":"repeat","background-position":"center center","background-size":"auto","background-attachment":"scroll","background-type":"","background-media":"","overlay-type":"","overlay-color":"","overlay-opacity":"","overlay-gradient":""},"tablet":{"background-color":"var(--ast-global-color-5)","background-image":"","background-repeat":"repeat","background-position":"center center","background-size":"auto","background-attachment":"scroll","background-type":"","background-media":"","overlay-type":"","overlay-color":"","overlay-opacity":"","overlay-gradient":""},"mobile":{"background-color":"var(--ast-global-color-5)","background-image":"","background-repeat":"repeat","background-position":"center center","background-size":"auto","background-attachment":"scroll","background-type":"","background-media":"","overlay-type":"","overlay-color":"","overlay-opacity":"","overlay-gradient":""}},"ngg_post_thumbnail":0},"product_brand":[],"product_cat":[206],"product_tag":[349],"class_list":{"0":"post-6233","1":"product","2":"type-product","3":"status-publish","4":"has-post-thumbnail","6":"product_cat-obklady","7":"product_tag-vaspo","8":"pa_dodavatelia-vaspo","9":"desktop-align-left","10":"tablet-align-left","11":"mobile-align-left","13":"first","14":"instock","15":"taxable","16":"shipping-taxable","17":"purchasable","18":"product-type-variable","19":"has-default-attributes"},"yoast_head":"<!-- This site is optimized with the Yoast SEO plugin v24.8.1 - https:\/\/yoast.com\/wordpress\/plugins\/seo\/ -->\n<title>Travert\u00edn R\u00edmsky | Krajn Exp<\/title>\n<meta name=\"robots\" content=\"index, follow, max-snippet:-1, max-image-preview:large, max-video-preview:-1\" \/>\n<link rel=\"canonical\" href=\"https:\/\/krajn.sk\/expo\/sortiment\/obklady\/travertin-rimsky\/\" \/>\n<meta property=\"og:locale\" content=\"sk_SK\" \/>\n<meta property=\"og:type\" content=\"article\" \/>\n<meta property=\"og:title\" content=\"Travert\u00edn R\u00edmsky | Krajn Exp\" \/>\n<meta property=\"og:description\" content=\"Travert\u00edn R\u00edmsky b\u00e9\u017eov\u00fd je dokonalou imit\u00e1ciou pr\u00edrodn\u00e9ho travert\u00ednu s vlastnos\u0165ami celofarben\u00e9ho, mrazuvzdorn\u00e9ho bet\u00f3nu pevnostnej triedy C25\/30. Preto je rovnako vhodn\u00fd na pou\u017eitie v exteri\u00e9ri aj interi\u00e9ri.\" \/>\n<meta property=\"og:url\" content=\"https:\/\/krajn.sk\/expo\/sortiment\/obklady\/travertin-rimsky\/\" \/>\n<meta property=\"og:site_name\" content=\"Krajn Exp\" \/>\n<meta property=\"article:modified_time\" content=\"2022-04-07T12:03:36+00:00\" \/>\n<meta property=\"og:image\" content=\"https:\/\/krajn.sk\/expo\/wp-content\/uploads\/2021\/01\/travertin-rimsky-foto3.jpg\" \/>\n\t<meta property=\"og:image:width\" content=\"1200\" \/>\n\t<meta property=\"og:image:height\" content=\"795\" \/>\n\t<meta property=\"og:image:type\" content=\"image\/jpeg\" \/>\n<meta name=\"twitter:card\" content=\"summary_large_image\" \/>\n<meta name=\"twitter:label1\" content=\"Predpokladan\u00fd \u010das \u010d\u00edtania\" \/>\n\t<meta name=\"twitter:data1\" content=\"1 min\u00fata\" \/>\n<script type=\"application\/ld+json\" class=\"yoast-schema-graph\">{\"@context\":\"https:\/\/schema.org\",\"@graph\":[{\"@type\":\"WebPage\",\"@id\":\"https:\/\/krajn.sk\/expo\/sortiment\/obklady\/travertin-rimsky\/\",\"url\":\"https:\/\/krajn.sk\/expo\/sortiment\/obklady\/travertin-rimsky\/\",\"name\":\"Travert\u00edn R\u00edmsky | Krajn Exp\",\"isPartOf\":{\"@id\":\"https:\/\/krajn.sk\/expo\/#website\"},\"primaryImageOfPage\":{\"@id\":\"https:\/\/krajn.sk\/expo\/sortiment\/obklady\/travertin-rimsky\/#primaryimage\"},\"image\":{\"@id\":\"https:\/\/krajn.sk\/expo\/sortiment\/obklady\/travertin-rimsky\/#primaryimage\"},\"thumbnailUrl\":\"https:\/\/krajn.sk\/expo\/wp-content\/uploads\/2021\/01\/travertin-rimsky-foto3.jpg\",\"datePublished\":\"2020-09-10T14:38:52+00:00\",\"dateModified\":\"2022-04-07T12:03:36+00:00\",\"breadcrumb\":{\"@id\":\"https:\/\/krajn.sk\/expo\/sortiment\/obklady\/travertin-rimsky\/#breadcrumb\"},\"inLanguage\":\"sk-SK\",\"potentialAction\":[{\"@type\":\"ReadAction\",\"target\":[\"https:\/\/krajn.sk\/expo\/sortiment\/obklady\/travertin-rimsky\/\"]}]},{\"@type\":\"ImageObject\",\"inLanguage\":\"sk-SK\",\"@id\":\"https:\/\/krajn.sk\/expo\/sortiment\/obklady\/travertin-rimsky\/#primaryimage\",\"url\":\"https:\/\/krajn.sk\/expo\/wp-content\/uploads\/2021\/01\/travertin-rimsky-foto3.jpg\",\"contentUrl\":\"https:\/\/krajn.sk\/expo\/wp-content\/uploads\/2021\/01\/travertin-rimsky-foto3.jpg\",\"width\":1200,\"height\":795},{\"@type\":\"BreadcrumbList\",\"@id\":\"https:\/\/krajn.sk\/expo\/sortiment\/obklady\/travertin-rimsky\/#breadcrumb\",\"itemListElement\":[{\"@type\":\"ListItem\",\"position\":1,\"name\":\"Home\",\"item\":\"https:\/\/krajn.sk\/expo\/\"},{\"@type\":\"ListItem\",\"position\":2,\"name\":\"Produkty\",\"item\":\"https:\/\/krajn.sk\/expo\/sortiment\/\"},{\"@type\":\"ListItem\",\"position\":3,\"name\":\"Travert\u00edn R\u00edmsky\"}]},{\"@type\":\"WebSite\",\"@id\":\"https:\/\/krajn.sk\/expo\/#website\",\"url\":\"https:\/\/krajn.sk\/expo\/\",\"name\":\"Krajn Exp\",\"description\":\"Va\u0161e stavebniny na kraji Stupavy!\",\"publisher\":{\"@id\":\"https:\/\/krajn.sk\/expo\/#organization\"},\"potentialAction\":[{\"@type\":\"SearchAction\",\"target\":{\"@type\":\"EntryPoint\",\"urlTemplate\":\"https:\/\/krajn.sk\/expo\/?s={search_term_string}\"},\"query-input\":{\"@type\":\"PropertyValueSpecification\",\"valueRequired\":true,\"valueName\":\"search_term_string\"}}],\"inLanguage\":\"sk-SK\"},{\"@type\":\"Organization\",\"@id\":\"https:\/\/krajn.sk\/expo\/#organization\",\"name\":\"Krajn Expo\",\"url\":\"https:\/\/krajn.sk\/expo\/\",\"logo\":{\"@type\":\"ImageObject\",\"inLanguage\":\"sk-SK\",\"@id\":\"https:\/\/krajn.sk\/expo\/#\/schema\/logo\/image\/\",\"url\":\"https:\/\/krajn.sk\/expo\/wp-content\/uploads\/2020\/03\/logo_expo_transparent.png\",\"contentUrl\":\"https:\/\/krajn.sk\/expo\/wp-content\/uploads\/2020\/03\/logo_expo_transparent.png\",\"width\":91,\"height\":105,\"caption\":\"Krajn Expo\"},\"image\":{\"@id\":\"https:\/\/krajn.sk\/expo\/#\/schema\/logo\/image\/\"}}]}<\/script>\n<!-- \/ Yoast SEO plugin. -->","yoast_head_json":{"title":"Travert\u00edn R\u00edmsky | Krajn Exp","robots":{"index":"index","follow":"follow","max-snippet":"max-snippet:-1","max-image-preview":"max-image-preview:large","max-video-preview":"max-video-preview:-1"},"canonical":"https:\/\/krajn.sk\/expo\/sortiment\/obklady\/travertin-rimsky\/","og_locale":"sk_SK","og_type":"article","og_title":"Travert\u00edn R\u00edmsky | Krajn Exp","og_description":"Travert\u00edn R\u00edmsky b\u00e9\u017eov\u00fd je dokonalou imit\u00e1ciou pr\u00edrodn\u00e9ho travert\u00ednu s vlastnos\u0165ami celofarben\u00e9ho, mrazuvzdorn\u00e9ho bet\u00f3nu pevnostnej triedy C25\/30. Preto je rovnako vhodn\u00fd na pou\u017eitie v exteri\u00e9ri aj interi\u00e9ri.","og_url":"https:\/\/krajn.sk\/expo\/sortiment\/obklady\/travertin-rimsky\/","og_site_name":"Krajn Exp","article_modified_time":"2022-04-07T12:03:36+00:00","og_image":[{"width":1200,"height":795,"url":"https:\/\/krajn.sk\/expo\/wp-content\/uploads\/2021\/01\/travertin-rimsky-foto3.jpg","type":"image\/jpeg"}],"twitter_card":"summary_large_image","twitter_misc":{"Predpokladan\u00fd \u010das \u010d\u00edtania":"1 min\u00fata"},"schema":{"@context":"https:\/\/schema.org","@graph":[{"@type":"WebPage","@id":"https:\/\/krajn.sk\/expo\/sortiment\/obklady\/travertin-rimsky\/","url":"https:\/\/krajn.sk\/expo\/sortiment\/obklady\/travertin-rimsky\/","name":"Travert\u00edn R\u00edmsky | Krajn Exp","isPartOf":{"@id":"https:\/\/krajn.sk\/expo\/#website"},"primaryImageOfPage":{"@id":"https:\/\/krajn.sk\/expo\/sortiment\/obklady\/travertin-rimsky\/#primaryimage"},"image":{"@id":"https:\/\/krajn.sk\/expo\/sortiment\/obklady\/travertin-rimsky\/#primaryimage"},"thumbnailUrl":"https:\/\/krajn.sk\/expo\/wp-content\/uploads\/2021\/01\/travertin-rimsky-foto3.jpg","datePublished":"2020-09-10T14:38:52+00:00","dateModified":"2022-04-07T12:03:36+00:00","breadcrumb":{"@id":"https:\/\/krajn.sk\/expo\/sortiment\/obklady\/travertin-rimsky\/#breadcrumb"},"inLanguage":"sk-SK","potentialAction":[{"@type":"ReadAction","target":["https:\/\/krajn.sk\/expo\/sortiment\/obklady\/travertin-rimsky\/"]}]},{"@type":"ImageObject","inLanguage":"sk-SK","@id":"https:\/\/krajn.sk\/expo\/sortiment\/obklady\/travertin-rimsky\/#primaryimage","url":"https:\/\/krajn.sk\/expo\/wp-content\/uploads\/2021\/01\/travertin-rimsky-foto3.jpg","contentUrl":"https:\/\/krajn.sk\/expo\/wp-content\/uploads\/2021\/01\/travertin-rimsky-foto3.jpg","width":1200,"height":795},{"@type":"BreadcrumbList","@id":"https:\/\/krajn.sk\/expo\/sortiment\/obklady\/travertin-rimsky\/#breadcrumb","itemListElement":[{"@type":"ListItem","position":1,"name":"Home","item":"https:\/\/krajn.sk\/expo\/"},{"@type":"ListItem","position":2,"name":"Produkty","item":"https:\/\/krajn.sk\/expo\/sortiment\/"},{"@type":"ListItem","position":3,"name":"Travert\u00edn R\u00edmsky"}]},{"@type":"WebSite","@id":"https:\/\/krajn.sk\/expo\/#website","url":"https:\/\/krajn.sk\/expo\/","name":"Krajn Exp","description":"Va\u0161e stavebniny na kraji Stupavy!","publisher":{"@id":"https:\/\/krajn.sk\/expo\/#organization"},"potentialAction":[{"@type":"SearchAction","target":{"@type":"EntryPoint","urlTemplate":"https:\/\/krajn.sk\/expo\/?s={search_term_string}"},"query-input":{"@type":"PropertyValueSpecification","valueRequired":true,"valueName":"search_term_string"}}],"inLanguage":"sk-SK"},{"@type":"Organization","@id":"https:\/\/krajn.sk\/expo\/#organization","name":"Krajn Expo","url":"https:\/\/krajn.sk\/expo\/","logo":{"@type":"ImageObject","inLanguage":"sk-SK","@id":"https:\/\/krajn.sk\/expo\/#\/schema\/logo\/image\/","url":"https:\/\/krajn.sk\/expo\/wp-content\/uploads\/2020\/03\/logo_expo_transparent.png","contentUrl":"https:\/\/krajn.sk\/expo\/wp-content\/uploads\/2020\/03\/logo_expo_transparent.png","width":91,"height":105,"caption":"Krajn Expo"},"image":{"@id":"https:\/\/krajn.sk\/expo\/#\/schema\/logo\/image\/"}}]}},"_links":{"self":[{"href":"https:\/\/krajn.sk\/expo\/wp-json\/wp\/v2\/product\/6233"}],"collection":[{"href":"https:\/\/krajn.sk\/expo\/wp-json\/wp\/v2\/product"}],"about":[{"href":"https:\/\/krajn.sk\/expo\/wp-json\/wp\/v2\/types\/product"}],"version-history":[{"count":1,"href":"https:\/\/krajn.sk\/expo\/wp-json\/wp\/v2\/product\/6233\/revisions"}],"predecessor-version":[{"id":7283,"href":"https:\/\/krajn.sk\/expo\/wp-json\/wp\/v2\/product\/6233\/revisions\/7283"}],"wp:featuredmedia":[{"embeddable":true,"href":"https:\/\/krajn.sk\/expo\/wp-json\/wp\/v2\/media\/7280"}],"wp:attachment":[{"href":"https:\/\/krajn.sk\/expo\/wp-json\/wp\/v2\/media?parent=6233"}],"wp:term":[{"taxonomy":"product_brand","embeddable":true,"href":"https:\/\/krajn.sk\/expo\/wp-json\/wp\/v2\/product_brand?post=6233"},{"taxonomy":"product_cat","embeddable":true,"href":"https:\/\/krajn.sk\/expo\/wp-json\/wp\/v2\/product_cat?post=6233"},{"taxonomy":"product_tag","embeddable":true,"href":"https:\/\/krajn.sk\/expo\/wp-json\/wp\/v2\/product_tag?post=6233"}],"curies":[{"name":"wp","href":"https:\/\/api.w.org\/{rel}","templated":true}]}}