{"id":8565,"date":"2021-02-26T20:27:00","date_gmt":"2021-02-26T19:27:00","guid":{"rendered":"https:\/\/krajn.sk\/test\/?post_type=product&#038;p=8565"},"modified":"2023-01-14T22:38:06","modified_gmt":"2023-01-14T21:38:06","slug":"bark-letokruh","status":"publish","type":"product","link":"https:\/\/krajn.sk\/expo\/sortiment\/prvky-zahradnej-architektury\/bark-letokruh\/","title":{"rendered":"Bark letokruh"},"content":{"rendered":"<h4>Bark letokruh 1<\/h4>\n<p><a href=\"https:\/\/krajn.sk\/expo\/wp-content\/uploads\/2021\/02\/bark-letokruh1-rozmery.jpg\"><img fetchpriority=\"high\" decoding=\"async\" class=\"alignnone size-medium wp-image-8566\" src=\"https:\/\/krajn.sk\/expo\/wp-content\/uploads\/2021\/02\/bark-letokruh1-rozmery-300x300.jpg\" alt=\"\" width=\"300\" height=\"300\" srcset=\"https:\/\/krajn.sk\/expo\/wp-content\/uploads\/2021\/02\/bark-letokruh1-rozmery-300x300.jpg 300w, https:\/\/krajn.sk\/expo\/wp-content\/uploads\/2021\/02\/bark-letokruh1-rozmery-150x150.jpg 150w, https:\/\/krajn.sk\/expo\/wp-content\/uploads\/2021\/02\/bark-letokruh1-rozmery-100x100.jpg 100w, https:\/\/krajn.sk\/expo\/wp-content\/uploads\/2021\/02\/bark-letokruh1-rozmery.jpg 373w\" sizes=\"(max-width: 300px) 100vw, 300px\" \/><\/a><\/p>\n<p>rozmery (cm) &#8211; 40 x 35 x 4,5<\/p>\n<p>hmotnost (ks) &#8211; 10 kg<\/p>\n<p>ks\/paleta &#8211; 48<\/p>\n<p>&nbsp;<\/p>\n<h4>Bark letokruh 2<\/h4>\n<p><a href=\"https:\/\/krajn.sk\/expo\/wp-content\/uploads\/2021\/02\/bark-letokruh2-rozmery.jpg\"><img decoding=\"async\" class=\"alignnone size-medium wp-image-8568\" src=\"https:\/\/krajn.sk\/expo\/wp-content\/uploads\/2021\/02\/bark-letokruh2-rozmery-300x300.jpg\" alt=\"\" width=\"300\" height=\"300\" srcset=\"https:\/\/krajn.sk\/expo\/wp-content\/uploads\/2021\/02\/bark-letokruh2-rozmery-300x300.jpg 300w, https:\/\/krajn.sk\/expo\/wp-content\/uploads\/2021\/02\/bark-letokruh2-rozmery-150x150.jpg 150w, https:\/\/krajn.sk\/expo\/wp-content\/uploads\/2021\/02\/bark-letokruh2-rozmery-100x100.jpg 100w, https:\/\/krajn.sk\/expo\/wp-content\/uploads\/2021\/02\/bark-letokruh2-rozmery.jpg 373w\" sizes=\"(max-width: 300px) 100vw, 300px\" \/><\/a><\/p>\n<p>rozmery (cm) &#8211; 47 x 45,5 x 4,5<\/p>\n<p>hmotnost (ks) &#8211; 14 kg<\/p>\n<p>ks\/paleta &#8211; 48<\/p>\n<p>&nbsp;<\/p>\n<h4>Bark letokruh 3<\/h4>\n<p><a href=\"https:\/\/krajn.sk\/expo\/wp-content\/uploads\/2021\/02\/bark-letokruh3-rozmery.jpg\"><img decoding=\"async\" class=\"alignnone size-medium wp-image-8569\" src=\"https:\/\/krajn.sk\/expo\/wp-content\/uploads\/2021\/02\/bark-letokruh3-rozmery-300x300.jpg\" alt=\"\" width=\"300\" height=\"300\" srcset=\"https:\/\/krajn.sk\/expo\/wp-content\/uploads\/2021\/02\/bark-letokruh3-rozmery-300x300.jpg 300w, https:\/\/krajn.sk\/expo\/wp-content\/uploads\/2021\/02\/bark-letokruh3-rozmery-150x150.jpg 150w, https:\/\/krajn.sk\/expo\/wp-content\/uploads\/2021\/02\/bark-letokruh3-rozmery-100x100.jpg 100w, https:\/\/krajn.sk\/expo\/wp-content\/uploads\/2021\/02\/bark-letokruh3-rozmery.jpg 373w\" sizes=\"(max-width: 300px) 100vw, 300px\" \/><\/a><\/p>\n<p>rozmery (cm) &#8211; 30 x 27 x 4,5<\/p>\n<p>hmotnost (ks) &#8211; 6 kg<\/p>\n<p>ks\/paleta &#8211; 60<\/p>\n<p>&nbsp;<\/p>\n<h4>Bark letokruh 4<\/h4>\n<p><a href=\"https:\/\/krajn.sk\/expo\/wp-content\/uploads\/2021\/02\/bark-letokruh4-rozmery.jpg\"><img loading=\"lazy\" decoding=\"async\" class=\"alignnone size-medium wp-image-8571\" src=\"https:\/\/krajn.sk\/expo\/wp-content\/uploads\/2021\/02\/bark-letokruh4-rozmery-300x300.jpg\" alt=\"\" width=\"300\" height=\"300\" srcset=\"https:\/\/krajn.sk\/expo\/wp-content\/uploads\/2021\/02\/bark-letokruh4-rozmery-300x300.jpg 300w, https:\/\/krajn.sk\/expo\/wp-content\/uploads\/2021\/02\/bark-letokruh4-rozmery-150x150.jpg 150w, https:\/\/krajn.sk\/expo\/wp-content\/uploads\/2021\/02\/bark-letokruh4-rozmery-100x100.jpg 100w, https:\/\/krajn.sk\/expo\/wp-content\/uploads\/2021\/02\/bark-letokruh4-rozmery.jpg 373w\" sizes=\"(max-width: 300px) 100vw, 300px\" \/><\/a><\/p>\n<p>rozmery (cm) &#8211; 61 x 50 x 6<\/p>\n<p>hmotnost (ks) &#8211; 31 kg<\/p>\n<p>ks\/paleta &#8211; 12<\/p>\n","protected":false},"excerpt":{"rendered":"<p>Pon\u00fakame 4 druhy letokruhu Bark ktor\u00fd je s\u00fa\u010das\u0165ou syst\u00e9mu Bark, s ktor\u00fdm sa d\u00e1 skvele kombinova\u0165.<\/p>\n<p>Pri odbere neucelenej palety sa \u00fa\u010dtuje <strong>poplatok za rozbalenie 10\u20ac<\/strong><\/p>\n","protected":false},"featured_media":8572,"template":"","meta":{"inline_featured_image":false,"site-sidebar-layout":"default","site-content-layout":"","ast-site-content-layout":"","site-content-style":"default","site-sidebar-style":"default","ast-global-header-display":"","ast-banner-title-visibility":"","ast-main-header-display":"","ast-hfb-above-header-display":"","ast-hfb-below-header-display":"","ast-hfb-mobile-header-display":"","site-post-title":"","ast-breadcrumbs-content":"","ast-featured-img":"","footer-sml-layout":"","theme-transparent-header-meta":"","adv-header-id-meta":"","stick-header-meta":"","header-above-stick-meta":"","header-main-stick-meta":"","header-below-stick-meta":"","astra-migrate-meta-layouts":"default","ast-page-background-enabled":"default","ast-page-background-meta":{"desktop":{"background-color":"var(--ast-global-color-4)","background-image":"","background-repeat":"repeat","background-position":"center center","background-size":"auto","background-attachment":"scroll","background-type":"","background-media":"","overlay-type":"","overlay-color":"","overlay-opacity":"","overlay-gradient":""},"tablet":{"background-color":"","background-image":"","background-repeat":"repeat","background-position":"center center","background-size":"auto","background-attachment":"scroll","background-type":"","background-media":"","overlay-type":"","overlay-color":"","overlay-opacity":"","overlay-gradient":""},"mobile":{"background-color":"","background-image":"","background-repeat":"repeat","background-position":"center center","background-size":"auto","background-attachment":"scroll","background-type":"","background-media":"","overlay-type":"","overlay-color":"","overlay-opacity":"","overlay-gradient":""}},"ast-content-background-meta":{"desktop":{"background-color":"var(--ast-global-color-5)","background-image":"","background-repeat":"repeat","background-position":"center center","background-size":"auto","background-attachment":"scroll","background-type":"","background-media":"","overlay-type":"","overlay-color":"","overlay-opacity":"","overlay-gradient":""},"tablet":{"background-color":"var(--ast-global-color-5)","background-image":"","background-repeat":"repeat","background-position":"center center","background-size":"auto","background-attachment":"scroll","background-type":"","background-media":"","overlay-type":"","overlay-color":"","overlay-opacity":"","overlay-gradient":""},"mobile":{"background-color":"var(--ast-global-color-5)","background-image":"","background-repeat":"repeat","background-position":"center center","background-size":"auto","background-attachment":"scroll","background-type":"","background-media":"","overlay-type":"","overlay-color":"","overlay-opacity":"","overlay-gradient":""}},"ngg_post_thumbnail":0},"product_brand":[],"product_cat":[207],"product_tag":[335],"class_list":{"0":"post-8565","1":"product","2":"type-product","3":"status-publish","4":"has-post-thumbnail","6":"product_cat-prvky-zahradnej-architektury","7":"product_tag-presbeton","8":"pa_dodavatelia-presbeton","9":"pa_system-system-bark","10":"desktop-align-left","11":"tablet-align-left","12":"mobile-align-left","14":"first","15":"instock","16":"taxable","17":"shipping-taxable","18":"purchasable","19":"product-type-variable"},"yoast_head":"<!-- This site is optimized with the Yoast SEO plugin v24.8.1 - https:\/\/yoast.com\/wordpress\/plugins\/seo\/ -->\n<title>Bark letokruh | Krajn Exp<\/title>\n<meta name=\"robots\" content=\"index, follow, max-snippet:-1, max-image-preview:large, max-video-preview:-1\" \/>\n<link rel=\"canonical\" href=\"https:\/\/krajn.sk\/expo\/sortiment\/prvky-zahradnej-architektury\/bark-letokruh\/\" \/>\n<meta property=\"og:locale\" content=\"sk_SK\" \/>\n<meta property=\"og:type\" content=\"article\" \/>\n<meta property=\"og:title\" content=\"Bark letokruh | Krajn Exp\" \/>\n<meta property=\"og:description\" content=\"Pon\u00fakame 4 druhy letokruhu Bark ktor\u00fd je s\u00fa\u010das\u0165ou syst\u00e9mu Bark, s ktor\u00fdm sa d\u00e1 skvele kombinova\u0165.  Pri odbere neucelenej palety sa \u00fa\u010dtuje poplatok za rozbalenie 10\u20ac\" \/>\n<meta property=\"og:url\" content=\"https:\/\/krajn.sk\/expo\/sortiment\/prvky-zahradnej-architektury\/bark-letokruh\/\" \/>\n<meta property=\"og:site_name\" content=\"Krajn Exp\" \/>\n<meta property=\"article:modified_time\" content=\"2023-01-14T21:38:06+00:00\" \/>\n<meta property=\"og:image\" content=\"https:\/\/krajn.sk\/expo\/wp-content\/uploads\/2021\/02\/bark-letokruh-foto.jpg\" \/>\n\t<meta property=\"og:image:width\" content=\"373\" \/>\n\t<meta property=\"og:image:height\" content=\"373\" \/>\n\t<meta property=\"og:image:type\" content=\"image\/jpeg\" \/>\n<meta name=\"twitter:card\" content=\"summary_large_image\" \/>\n<meta name=\"twitter:label1\" content=\"Predpokladan\u00fd \u010das \u010d\u00edtania\" \/>\n\t<meta name=\"twitter:data1\" content=\"2 min\u00faty\" \/>\n<script type=\"application\/ld+json\" class=\"yoast-schema-graph\">{\"@context\":\"https:\/\/schema.org\",\"@graph\":[{\"@type\":\"WebPage\",\"@id\":\"https:\/\/krajn.sk\/expo\/sortiment\/prvky-zahradnej-architektury\/bark-letokruh\/\",\"url\":\"https:\/\/krajn.sk\/expo\/sortiment\/prvky-zahradnej-architektury\/bark-letokruh\/\",\"name\":\"Bark letokruh | Krajn Exp\",\"isPartOf\":{\"@id\":\"https:\/\/krajn.sk\/expo\/#website\"},\"primaryImageOfPage\":{\"@id\":\"https:\/\/krajn.sk\/expo\/sortiment\/prvky-zahradnej-architektury\/bark-letokruh\/#primaryimage\"},\"image\":{\"@id\":\"https:\/\/krajn.sk\/expo\/sortiment\/prvky-zahradnej-architektury\/bark-letokruh\/#primaryimage\"},\"thumbnailUrl\":\"https:\/\/krajn.sk\/expo\/wp-content\/uploads\/2021\/02\/bark-letokruh-foto.jpg\",\"datePublished\":\"2021-02-26T19:27:00+00:00\",\"dateModified\":\"2023-01-14T21:38:06+00:00\",\"breadcrumb\":{\"@id\":\"https:\/\/krajn.sk\/expo\/sortiment\/prvky-zahradnej-architektury\/bark-letokruh\/#breadcrumb\"},\"inLanguage\":\"sk-SK\",\"potentialAction\":[{\"@type\":\"ReadAction\",\"target\":[\"https:\/\/krajn.sk\/expo\/sortiment\/prvky-zahradnej-architektury\/bark-letokruh\/\"]}]},{\"@type\":\"ImageObject\",\"inLanguage\":\"sk-SK\",\"@id\":\"https:\/\/krajn.sk\/expo\/sortiment\/prvky-zahradnej-architektury\/bark-letokruh\/#primaryimage\",\"url\":\"https:\/\/krajn.sk\/expo\/wp-content\/uploads\/2021\/02\/bark-letokruh-foto.jpg\",\"contentUrl\":\"https:\/\/krajn.sk\/expo\/wp-content\/uploads\/2021\/02\/bark-letokruh-foto.jpg\",\"width\":373,\"height\":373},{\"@type\":\"BreadcrumbList\",\"@id\":\"https:\/\/krajn.sk\/expo\/sortiment\/prvky-zahradnej-architektury\/bark-letokruh\/#breadcrumb\",\"itemListElement\":[{\"@type\":\"ListItem\",\"position\":1,\"name\":\"Home\",\"item\":\"https:\/\/krajn.sk\/expo\/\"},{\"@type\":\"ListItem\",\"position\":2,\"name\":\"Produkty\",\"item\":\"https:\/\/krajn.sk\/expo\/sortiment\/\"},{\"@type\":\"ListItem\",\"position\":3,\"name\":\"Bark letokruh\"}]},{\"@type\":\"WebSite\",\"@id\":\"https:\/\/krajn.sk\/expo\/#website\",\"url\":\"https:\/\/krajn.sk\/expo\/\",\"name\":\"Krajn Exp\",\"description\":\"Va\u0161e stavebniny na kraji Stupavy!\",\"publisher\":{\"@id\":\"https:\/\/krajn.sk\/expo\/#organization\"},\"potentialAction\":[{\"@type\":\"SearchAction\",\"target\":{\"@type\":\"EntryPoint\",\"urlTemplate\":\"https:\/\/krajn.sk\/expo\/?s={search_term_string}\"},\"query-input\":{\"@type\":\"PropertyValueSpecification\",\"valueRequired\":true,\"valueName\":\"search_term_string\"}}],\"inLanguage\":\"sk-SK\"},{\"@type\":\"Organization\",\"@id\":\"https:\/\/krajn.sk\/expo\/#organization\",\"name\":\"Krajn Expo\",\"url\":\"https:\/\/krajn.sk\/expo\/\",\"logo\":{\"@type\":\"ImageObject\",\"inLanguage\":\"sk-SK\",\"@id\":\"https:\/\/krajn.sk\/expo\/#\/schema\/logo\/image\/\",\"url\":\"https:\/\/krajn.sk\/expo\/wp-content\/uploads\/2020\/03\/logo_expo_transparent.png\",\"contentUrl\":\"https:\/\/krajn.sk\/expo\/wp-content\/uploads\/2020\/03\/logo_expo_transparent.png\",\"width\":91,\"height\":105,\"caption\":\"Krajn Expo\"},\"image\":{\"@id\":\"https:\/\/krajn.sk\/expo\/#\/schema\/logo\/image\/\"}}]}<\/script>\n<!-- \/ Yoast SEO plugin. -->","yoast_head_json":{"title":"Bark letokruh | Krajn Exp","robots":{"index":"index","follow":"follow","max-snippet":"max-snippet:-1","max-image-preview":"max-image-preview:large","max-video-preview":"max-video-preview:-1"},"canonical":"https:\/\/krajn.sk\/expo\/sortiment\/prvky-zahradnej-architektury\/bark-letokruh\/","og_locale":"sk_SK","og_type":"article","og_title":"Bark letokruh | Krajn Exp","og_description":"Pon\u00fakame 4 druhy letokruhu Bark ktor\u00fd je s\u00fa\u010das\u0165ou syst\u00e9mu Bark, s ktor\u00fdm sa d\u00e1 skvele kombinova\u0165.  Pri odbere neucelenej palety sa \u00fa\u010dtuje poplatok za rozbalenie 10\u20ac","og_url":"https:\/\/krajn.sk\/expo\/sortiment\/prvky-zahradnej-architektury\/bark-letokruh\/","og_site_name":"Krajn Exp","article_modified_time":"2023-01-14T21:38:06+00:00","og_image":[{"width":373,"height":373,"url":"https:\/\/krajn.sk\/expo\/wp-content\/uploads\/2021\/02\/bark-letokruh-foto.jpg","type":"image\/jpeg"}],"twitter_card":"summary_large_image","twitter_misc":{"Predpokladan\u00fd \u010das \u010d\u00edtania":"2 min\u00faty"},"schema":{"@context":"https:\/\/schema.org","@graph":[{"@type":"WebPage","@id":"https:\/\/krajn.sk\/expo\/sortiment\/prvky-zahradnej-architektury\/bark-letokruh\/","url":"https:\/\/krajn.sk\/expo\/sortiment\/prvky-zahradnej-architektury\/bark-letokruh\/","name":"Bark letokruh | Krajn Exp","isPartOf":{"@id":"https:\/\/krajn.sk\/expo\/#website"},"primaryImageOfPage":{"@id":"https:\/\/krajn.sk\/expo\/sortiment\/prvky-zahradnej-architektury\/bark-letokruh\/#primaryimage"},"image":{"@id":"https:\/\/krajn.sk\/expo\/sortiment\/prvky-zahradnej-architektury\/bark-letokruh\/#primaryimage"},"thumbnailUrl":"https:\/\/krajn.sk\/expo\/wp-content\/uploads\/2021\/02\/bark-letokruh-foto.jpg","datePublished":"2021-02-26T19:27:00+00:00","dateModified":"2023-01-14T21:38:06+00:00","breadcrumb":{"@id":"https:\/\/krajn.sk\/expo\/sortiment\/prvky-zahradnej-architektury\/bark-letokruh\/#breadcrumb"},"inLanguage":"sk-SK","potentialAction":[{"@type":"ReadAction","target":["https:\/\/krajn.sk\/expo\/sortiment\/prvky-zahradnej-architektury\/bark-letokruh\/"]}]},{"@type":"ImageObject","inLanguage":"sk-SK","@id":"https:\/\/krajn.sk\/expo\/sortiment\/prvky-zahradnej-architektury\/bark-letokruh\/#primaryimage","url":"https:\/\/krajn.sk\/expo\/wp-content\/uploads\/2021\/02\/bark-letokruh-foto.jpg","contentUrl":"https:\/\/krajn.sk\/expo\/wp-content\/uploads\/2021\/02\/bark-letokruh-foto.jpg","width":373,"height":373},{"@type":"BreadcrumbList","@id":"https:\/\/krajn.sk\/expo\/sortiment\/prvky-zahradnej-architektury\/bark-letokruh\/#breadcrumb","itemListElement":[{"@type":"ListItem","position":1,"name":"Home","item":"https:\/\/krajn.sk\/expo\/"},{"@type":"ListItem","position":2,"name":"Produkty","item":"https:\/\/krajn.sk\/expo\/sortiment\/"},{"@type":"ListItem","position":3,"name":"Bark letokruh"}]},{"@type":"WebSite","@id":"https:\/\/krajn.sk\/expo\/#website","url":"https:\/\/krajn.sk\/expo\/","name":"Krajn Exp","description":"Va\u0161e stavebniny na kraji Stupavy!","publisher":{"@id":"https:\/\/krajn.sk\/expo\/#organization"},"potentialAction":[{"@type":"SearchAction","target":{"@type":"EntryPoint","urlTemplate":"https:\/\/krajn.sk\/expo\/?s={search_term_string}"},"query-input":{"@type":"PropertyValueSpecification","valueRequired":true,"valueName":"search_term_string"}}],"inLanguage":"sk-SK"},{"@type":"Organization","@id":"https:\/\/krajn.sk\/expo\/#organization","name":"Krajn Expo","url":"https:\/\/krajn.sk\/expo\/","logo":{"@type":"ImageObject","inLanguage":"sk-SK","@id":"https:\/\/krajn.sk\/expo\/#\/schema\/logo\/image\/","url":"https:\/\/krajn.sk\/expo\/wp-content\/uploads\/2020\/03\/logo_expo_transparent.png","contentUrl":"https:\/\/krajn.sk\/expo\/wp-content\/uploads\/2020\/03\/logo_expo_transparent.png","width":91,"height":105,"caption":"Krajn Expo"},"image":{"@id":"https:\/\/krajn.sk\/expo\/#\/schema\/logo\/image\/"}}]}},"_links":{"self":[{"href":"https:\/\/krajn.sk\/expo\/wp-json\/wp\/v2\/product\/8565"}],"collection":[{"href":"https:\/\/krajn.sk\/expo\/wp-json\/wp\/v2\/product"}],"about":[{"href":"https:\/\/krajn.sk\/expo\/wp-json\/wp\/v2\/types\/product"}],"version-history":[{"count":1,"href":"https:\/\/krajn.sk\/expo\/wp-json\/wp\/v2\/product\/8565\/revisions"}],"predecessor-version":[{"id":8577,"href":"https:\/\/krajn.sk\/expo\/wp-json\/wp\/v2\/product\/8565\/revisions\/8577"}],"wp:featuredmedia":[{"embeddable":true,"href":"https:\/\/krajn.sk\/expo\/wp-json\/wp\/v2\/media\/8572"}],"wp:attachment":[{"href":"https:\/\/krajn.sk\/expo\/wp-json\/wp\/v2\/media?parent=8565"}],"wp:term":[{"taxonomy":"product_brand","embeddable":true,"href":"https:\/\/krajn.sk\/expo\/wp-json\/wp\/v2\/product_brand?post=8565"},{"taxonomy":"product_cat","embeddable":true,"href":"https:\/\/krajn.sk\/expo\/wp-json\/wp\/v2\/product_cat?post=8565"},{"taxonomy":"product_tag","embeddable":true,"href":"https:\/\/krajn.sk\/expo\/wp-json\/wp\/v2\/product_tag?post=8565"}],"curies":[{"name":"wp","href":"https:\/\/api.w.org\/{rel}","templated":true}]}}